{"id":49,"date":"2023-05-05T15:03:02","date_gmt":"2023-05-05T13:03:02","guid":{"rendered":"https:\/\/le-scriptorium.ch\/?page_id=49"},"modified":"2026-03-08T18:03:03","modified_gmt":"2026-03-08T16:03:03","slug":"podcast","status":"publish","type":"page","link":"https:\/\/le-scriptorium.ch\/index.php\/podcast\/","title":{"rendered":"Le Podcast"},"content":{"rendered":"\t\t<div data-elementor-type=\"wp-page\" data-elementor-id=\"49\" class=\"elementor elementor-49\">\n\t\t\t\t<div class=\"elementor-element elementor-element-b1e2bb1 e-flex e-con-boxed e-con e-parent\" data-id=\"b1e2bb1\" data-element_type=\"container\" data-e-type=\"container\">\n\t\t\t\t\t<div class=\"e-con-inner\">\n\t\t<div class=\"elementor-element elementor-element-fa9019c e-con-full e-flex e-con e-child\" data-id=\"fa9019c\" data-element_type=\"container\" data-e-type=\"container\">\n\t\t\t\t<div class=\"elementor-element elementor-element-67b5828 elementor-widget elementor-widget-image\" data-id=\"67b5828\" data-element_type=\"widget\" data-e-type=\"widget\" data-widget_type=\"image.default\">\n\t\t\t\t<div class=\"elementor-widget-container\">\n\t\t\t\t\t\t\t\t\t\t\t\t\t\t\t<img fetchpriority=\"high\" decoding=\"async\" width=\"1024\" height=\"1024\" src=\"https:\/\/le-scriptorium.ch\/wp-content\/uploads\/2025\/11\/Cover-art_LPSM-1-1024x1024.png\" class=\"attachment-large size-large wp-image-1731\" alt=\"\" srcset=\"https:\/\/le-scriptorium.ch\/wp-content\/uploads\/2025\/11\/Cover-art_LPSM-1-1024x1024.png 1024w, https:\/\/le-scriptorium.ch\/wp-content\/uploads\/2025\/11\/Cover-art_LPSM-1-300x300.png 300w, https:\/\/le-scriptorium.ch\/wp-content\/uploads\/2025\/11\/Cover-art_LPSM-1-150x150.png 150w, https:\/\/le-scriptorium.ch\/wp-content\/uploads\/2025\/11\/Cover-art_LPSM-1-768x768.png 768w, https:\/\/le-scriptorium.ch\/wp-content\/uploads\/2025\/11\/Cover-art_LPSM-1-1536x1536.png 1536w, https:\/\/le-scriptorium.ch\/wp-content\/uploads\/2025\/11\/Cover-art_LPSM-1-2048x2048.png 2048w\" sizes=\"(max-width: 1024px) 100vw, 1024px\" \/>\t\t\t\t\t\t\t\t\t\t\t\t\t\t\t<\/div>\n\t\t\t\t<\/div>\n\t\t\t\t<\/div>\n\t\t<div class=\"elementor-element elementor-element-17a77cb e-con-full e-flex e-con e-child\" data-id=\"17a77cb\" data-element_type=\"container\" data-e-type=\"container\">\n\t\t\t\t<div class=\"elementor-element elementor-element-6c8ee88 elementor-widget elementor-widget-text-editor\" data-id=\"6c8ee88\" data-element_type=\"widget\" data-e-type=\"widget\" data-widget_type=\"text-editor.default\">\n\t\t\t\t<div class=\"elementor-widget-container\">\n\t\t\t\t\t\t\t\t\t<p>En Occident, la p\u00e9riode m\u00e9di\u00e9vale est souvent d\u00e9crite comme un \u00ab\u00a0\u00e2ge sombre\u00a0\u00bb. Nenni !<\/p><p>Que ce soit dans les s\u00e9ries, les jeux vid\u00e9os ou m\u00eame les romans, les clich\u00e9s vont bon train. Il est temps de remettre l&rsquo;\u00e9glise au milieu du village et de (re)d\u00e9couvrir le Moyen \u00e2ge pour ce qu&rsquo;il \u00e9tait : une p\u00e9riode riche qui n&rsquo;avait rien de \u00ab\u00a0moyen\u00a0\u00bb !<\/p>\t\t\t\t\t\t\t\t<\/div>\n\t\t\t\t<\/div>\n\t\t\t\t<\/div>\n\t\t\t\t\t<\/div>\n\t\t\t\t<\/div>\n\t\t\t\t<section class=\"elementor-section elementor-top-section elementor-element elementor-element-7a15934 elementor-section-boxed elementor-section-height-default elementor-section-height-default\" data-id=\"7a15934\" data-element_type=\"section\" data-e-type=\"section\">\n\t\t\t\t\t\t<div class=\"elementor-container elementor-column-gap-default\">\n\t\t\t\t\t<div class=\"elementor-column elementor-col-100 elementor-top-column elementor-element elementor-element-d1c2bbc\" data-id=\"d1c2bbc\" data-element_type=\"column\" data-e-type=\"column\">\n\t\t\t<div class=\"elementor-widget-wrap elementor-element-populated\">\n\t\t\t\t\t\t<div class=\"elementor-element elementor-element-2307593 elementor-widget elementor-widget-shortcode\" data-id=\"2307593\" data-element_type=\"widget\" data-e-type=\"widget\" data-widget_type=\"shortcode.default\">\n\t\t\t\t<div class=\"elementor-widget-container\">\n\t\t\t\t\t\t\t<div class=\"elementor-shortcode\"><script src=\"https:\/\/podcloud.fr\/player-embed\/helper.js\"><\/script>\n<iframe width=\"100%\" height=\"320\" src=\"https:\/\/podcloud.fr\/podcast\/le-pas-si-moyen-age\/episode\/bienvenue-au-moyen-age\/player\" frameborder=\"0\" allow=\"accelerometer; autoplay; encrypted-media; gyroscope; picture-in-picture; fullscreen\"><\/iframe><\/div>\n\t\t\t\t\t\t<\/div>\n\t\t\t\t<\/div>\n\t\t\t\t<div class=\"elementor-element elementor-element-beb0c6e elementor-widget elementor-widget-html\" data-id=\"beb0c6e\" data-element_type=\"widget\" data-e-type=\"widget\" data-widget_type=\"html.default\">\n\t\t\t\t<div class=\"elementor-widget-container\">\n\t\t\t\t\t<script src=\"https:\/\/podcloud.fr\/player-embed\/helper.js\"><\/script>\r\n<iframe width=\"100%\" height=\"320\" src=\"https:\/\/podcloud.fr\/podcast\/le-pas-si-moyen-age\/episode\/le-b-point-a-ba-de-linquisition\/player\" frameborder=\"0\" allow=\"accelerometer; autoplay; encrypted-media; gyroscope; picture-in-picture; fullscreen\"><\/iframe>\t\t\t\t<\/div>\n\t\t\t\t<\/div>\n\t\t\t\t<div class=\"elementor-element elementor-element-5cc5deb elementor-widget elementor-widget-shortcode\" data-id=\"5cc5deb\" data-element_type=\"widget\" data-e-type=\"widget\" data-widget_type=\"shortcode.default\">\n\t\t\t\t<div class=\"elementor-widget-container\">\n\t\t\t\t\t\t\t<div class=\"elementor-shortcode\"><script src=\"https:\/\/podcloud.fr\/player-embed\/helper.js\"><\/script>\n<iframe width=\"100%\" height=\"320\" src=\"https:\/\/podcloud.fr\/podcast\/le-pas-si-moyen-age\/episode\/les-vikings\/player\" frameborder=\"0\" allow=\"accelerometer; autoplay; encrypted-media; gyroscope; picture-in-picture; fullscreen\"><\/iframe><\/div>\n\t\t\t\t\t\t<\/div>\n\t\t\t\t<\/div>\n\t\t\t\t<div class=\"elementor-element elementor-element-09a852f elementor-widget elementor-widget-shortcode\" data-id=\"09a852f\" data-element_type=\"widget\" data-e-type=\"widget\" data-widget_type=\"shortcode.default\">\n\t\t\t\t<div class=\"elementor-widget-container\">\n\t\t\t\t\t\t\t<div class=\"elementor-shortcode\"><script src=\"https:\/\/podcloud.fr\/player-embed\/helper.js\"><\/script>\n<iframe width=\"100%\" height=\"320\" src=\"https:\/\/podcloud.fr\/podcast\/le-pas-si-moyen-age\/episode\/des-seigneurs-et-des-hommes\/player\" frameborder=\"0\" allow=\"accelerometer; autoplay; encrypted-media; gyroscope; picture-in-picture; fullscreen\"><\/iframe><\/div>\n\t\t\t\t\t\t<\/div>\n\t\t\t\t<\/div>\n\t\t\t\t<div class=\"elementor-element elementor-element-3490b88 elementor-widget elementor-widget-shortcode\" data-id=\"3490b88\" data-element_type=\"widget\" data-e-type=\"widget\" data-widget_type=\"shortcode.default\">\n\t\t\t\t<div class=\"elementor-widget-container\">\n\t\t\t\t\t\t\t<div class=\"elementor-shortcode\"><script src=\"https:\/\/podcloud.fr\/player-embed\/helper.js\"><\/script>\n<iframe width=\"100%\" height=\"320\" src=\"https:\/\/podcloud.fr\/podcast\/le-pas-si-moyen-age\/episode\/hors-serie-de-quoi-avait-on-peur-au-moyen-age\/player\" frameborder=\"0\" allow=\"accelerometer; autoplay; encrypted-media; gyroscope; picture-in-picture; fullscreen\"><\/iframe><\/div>\n\t\t\t\t\t\t<\/div>\n\t\t\t\t<\/div>\n\t\t\t\t<div class=\"elementor-element elementor-element-2082093 elementor-widget elementor-widget-shortcode\" data-id=\"2082093\" data-element_type=\"widget\" data-e-type=\"widget\" data-widget_type=\"shortcode.default\">\n\t\t\t\t<div class=\"elementor-widget-container\">\n\t\t\t\t\t\t\t<div class=\"elementor-shortcode\"><script src=\"https:\/\/podcloud.fr\/player-embed\/helper.js\"><\/script>\n<iframe width=\"100%\" height=\"320\" src=\"https:\/\/podcloud.fr\/podcast\/le-pas-si-moyen-age\/episode\/la-chevalerie-a-cheval-entre-fonction-et-ideologie\/player\" frameborder=\"0\" allow=\"accelerometer; autoplay; encrypted-media; gyroscope; picture-in-picture; fullscreen\"><\/iframe><\/div>\n\t\t\t\t\t\t<\/div>\n\t\t\t\t<\/div>\n\t\t\t\t<div class=\"elementor-element elementor-element-d9a84d1 elementor-widget elementor-widget-shortcode\" data-id=\"d9a84d1\" data-element_type=\"widget\" data-e-type=\"widget\" data-widget_type=\"shortcode.default\">\n\t\t\t\t<div class=\"elementor-widget-container\">\n\t\t\t\t\t\t\t<div class=\"elementor-shortcode\"><script src=\"https:\/\/podcloud.fr\/player-embed\/helper.js\"><\/script>\n<iframe width=\"100%\" height=\"320\" src=\"https:\/\/podcloud.fr\/podcast\/le-pas-si-moyen-age\/episode\/a-la-mode-medievale\/player\" frameborder=\"0\" allow=\"accelerometer; autoplay; encrypted-media; gyroscope; picture-in-picture; fullscreen\"><\/iframe><\/div>\n\t\t\t\t\t\t<\/div>\n\t\t\t\t<\/div>\n\t\t\t\t<div class=\"elementor-element elementor-element-bdcb6ff elementor-widget elementor-widget-shortcode\" data-id=\"bdcb6ff\" data-element_type=\"widget\" data-e-type=\"widget\" data-widget_type=\"shortcode.default\">\n\t\t\t\t<div class=\"elementor-widget-container\">\n\t\t\t\t\t\t\t<div class=\"elementor-shortcode\"><script src=\"https:\/\/podcloud.fr\/player-embed\/helper.js\"><\/script>\n<iframe width=\"100%\" height=\"320\" src=\"https:\/\/podcloud.fr\/podcast\/le-pas-si-moyen-age\/episode\/femmes-au-moyen-age-introduction\/player\" frameborder=\"0\" allow=\"accelerometer; autoplay; encrypted-media; gyroscope; picture-in-picture; fullscreen\"><\/iframe><\/div>\n\t\t\t\t\t\t<\/div>\n\t\t\t\t<\/div>\n\t\t\t\t\t<\/div>\n\t\t<\/div>\n\t\t\t\t\t<\/div>\n\t\t<\/section>\n\t\t\t\t<\/div>\n\t\t","protected":false},"excerpt":{"rendered":"<p>En Occident, la p\u00e9riode m\u00e9di\u00e9vale est souvent d\u00e9crite comme un \u00ab\u00a0\u00e2ge sombre\u00a0\u00bb. Nenni ! Que ce soit dans les s\u00e9ries, les jeux vid\u00e9os ou m\u00eame les romans, les clich\u00e9s vont bon train. Il est temps de remettre l&rsquo;\u00e9glise au milieu du village et de (re)d\u00e9couvrir le Moyen \u00e2ge pour ce qu&rsquo;il \u00e9tait : une p\u00e9riode [&hellip;]<\/p>\n","protected":false},"author":1,"featured_media":0,"parent":0,"menu_order":0,"comment_status":"closed","ping_status":"closed","template":"","meta":{"footnotes":""},"class_list":["post-49","page","type-page","status-publish","hentry"],"blocksy_meta":[],"_links":{"self":[{"href":"https:\/\/le-scriptorium.ch\/index.php\/wp-json\/wp\/v2\/pages\/49","targetHints":{"allow":["GET"]}}],"collection":[{"href":"https:\/\/le-scriptorium.ch\/index.php\/wp-json\/wp\/v2\/pages"}],"about":[{"href":"https:\/\/le-scriptorium.ch\/index.php\/wp-json\/wp\/v2\/types\/page"}],"author":[{"embeddable":true,"href":"https:\/\/le-scriptorium.ch\/index.php\/wp-json\/wp\/v2\/users\/1"}],"replies":[{"embeddable":true,"href":"https:\/\/le-scriptorium.ch\/index.php\/wp-json\/wp\/v2\/comments?post=49"}],"version-history":[{"count":122,"href":"https:\/\/le-scriptorium.ch\/index.php\/wp-json\/wp\/v2\/pages\/49\/revisions"}],"predecessor-version":[{"id":1773,"href":"https:\/\/le-scriptorium.ch\/index.php\/wp-json\/wp\/v2\/pages\/49\/revisions\/1773"}],"wp:attachment":[{"href":"https:\/\/le-scriptorium.ch\/index.php\/wp-json\/wp\/v2\/media?parent=49"}],"curies":[{"name":"wp","href":"https:\/\/api.w.org\/{rel}","templated":true}]}}